{"id":549,"date":"2020-12-09T01:10:54","date_gmt":"2020-12-09T01:10:54","guid":{"rendered":"https:\/\/patrimoineagricolemtl.ca\/laruelledesvignerons\/?page_id=549"},"modified":"2021-01-31T02:15:40","modified_gmt":"2021-01-31T02:15:40","slug":"introduction","status":"publish","type":"page","link":"https:\/\/patrimoineagricolemtl.ca\/laruelledesvignerons\/language\/fr\/introduction\/","title":{"rendered":"Le projet"},"content":{"rendered":"\t\t<div data-elementor-type=\"wp-page\" data-elementor-id=\"549\" class=\"elementor elementor-549\" data-elementor-settings=\"[]\">\n\t\t\t\t\t\t<div class=\"elementor-inner\">\n\t\t\t\t\t\t\t<div class=\"elementor-section-wrap\">\n\t\t\t\t\t\t\t<section class=\"elementor-section elementor-top-section elementor-element elementor-element-50562707 elementor-section-boxed elementor-section-height-default elementor-section-height-default\" data-id=\"50562707\" data-element_type=\"section\">\n\t\t\t\t\t\t<div class=\"elementor-container elementor-column-gap-default\">\n\t\t\t\t\t\t\t<div class=\"elementor-row\">\n\t\t\t\t\t<div class=\"elementor-column elementor-col-100 elementor-top-column elementor-element elementor-element-31c70a56\" data-id=\"31c70a56\" data-element_type=\"column\">\n\t\t\t<div class=\"elementor-column-wrap elementor-element-populated\">\n\t\t\t\t\t\t\t<div class=\"elementor-widget-wrap\">\n\t\t\t\t\t\t<div class=\"elementor-element elementor-element-03ee02e elementor-widget elementor-widget-text-editor\" data-id=\"03ee02e\" data-element_type=\"widget\" data-widget_type=\"text-editor.default\">\n\t\t\t\t<div class=\"elementor-widget-container\">\n\t\t\t\t\t<div class=\"elementor-text-editor elementor-clearfix\"><p style=\"font-size: 16px; font-weight: normal; font-family: Roboto, sans-serif;\">Le projet\u00a0\u00ab Vicolo degli enologi \u00bb (La ruelle des vignerons) a\u00a0pour objectif de mettre en lumi\u00e8re le patrimoine culturel constitu\u00e9 des pratiques agroalimentaires des italo-montr\u00e9alais r\u00e9sidents dans la Petite-Italie. \u00ab Vicolo degli enologi \u00bb est le point de d\u00e9part d&rsquo;une s\u00e9rie de web reportage &#8211;\u00a0<i>Le jardin voyageur<\/i>\u00a0&#8211; permettant de c\u00e9l\u00e9brer la richesse et la diversit\u00e9 des pratiques agricoles \u00e0 Montr\u00e9al.<\/p><h3>Vicolo degli enologi<\/h3><p>Entre septembre 2019 et avril 2020 nous avons rencontr\u00e9 plusieurs italiens qui, \u00e0 chaque ann\u00e9e et parfois depuis plusieurs g\u00e9n\u00e9rations, cultivent leur jardin souvent situ\u00e9 dans la cour arri\u00e8re des maisons de la Petite-Italie, \u00e0 Montr\u00e9al.<\/p><p>Nous leur avons pos\u00e9 diff\u00e9rentes questions pour en savoir plus sur leur histoire d\u2019immigration, quand et comment ils ont commenc\u00e9 \u00e0 jardiner, ce qu\u2019ils font avec leur r\u00e9colte et pourquoi ils jardinent. Nous vous en pr\u00e9sentons ici six qui repr\u00e9sentent la diversit\u00e9 et richesse qui caract\u00e9risent ces jardiniers.<\/p><p>Pendant les entrevues, les gens ont partag\u00e9 leur ressenti : cultiver est un plaisir, parfois une passion ou encore la chose la\u00a0 plus naturelle et facile au monde. Sur une chose ils sont toutes et tous d\u2019accord\u00a0: la terre repr\u00e9sente la tradition, on ne peut s\u2019emp\u00eacher de la cultiver si on en a!<\/p><p>Ces entrevues s\u2019inscrivent dans le cadre du\u00a0 projet \u00ab\u00a0La ruelle des vignobles\u00a0\u00bb (Vicolo degli enologi) ayant pour but de valoriser le patrimoine constitu\u00e9 des pratiques de la culture et de la transformation alimentaire des italo-montr\u00e9alais r\u00e9sidents dans la Petite-Italie. Elles ont \u00e9t\u00e9 enregistr\u00e9es en partie en Italien et en partie en Fran\u00e7ais.<\/p><p>\u00ab Vicolo degli enologi \u00bb est un projet de web reportage du Laboratoire sur l&rsquo;agriculture urbaine (AU\/Lab) r\u00e9alis\u00e9 en collaboration avec la Casa d&rsquo;Italia et avec le soutien du programme <i>Patrimoines Montr\u00e9alais: une mise en valeur dans les quartiers\u00a0<\/i>de l&rsquo;Entente sur le d\u00e9veloppement culturel de Montr\u00e9al g\u00e9r\u00e9e conjointement par le minist\u00e8re de la Culture et des Communications et la Ville de Montr\u00e9al.<\/p><p><a href=\"https:\/\/patrimoineagricolemtl.ca\/laruelledesvignerons\/language\/fr\/remerciements-credits\/\">Remerciements et cr\u00e9dits<\/a><\/p><\/div>\n\t\t\t\t<\/div>\n\t\t\t\t<\/div>\n\t\t\t\t<div class=\"elementor-element elementor-element-3f4f0302 elementor-widget elementor-widget-text-editor\" data-id=\"3f4f0302\" data-element_type=\"widget\" data-widget_type=\"text-editor.default\">\n\t\t\t\t<div class=\"elementor-widget-container\">\n\t\t\t\t\t<div class=\"elementor-text-editor elementor-clearfix\"><\/div>\n\t\t\t\t<\/div>\n\t\t\t\t<\/div>\n\t\t\t\t\t\t<\/div>\n\t\t\t\t\t<\/div>\n\t\t<\/div>\n\t\t\t\t\t\t\t\t<\/div>\n\t\t\t\t\t<\/div>\n\t\t<\/section>\n\t\t\t\t\t\t<\/div>\n\t\t\t\t\t\t<\/div>\n\t\t\t\t\t<\/div>\n\t\t","protected":false},"excerpt":{"rendered":"<p>Le projet\u00a0\u00ab Vicolo degli enologi \u00bb (La ruelle des vignerons) a\u00a0pour objectif de mettre en lumi\u00e8re le patrimoine culturel constitu\u00e9 des pratiques agroalimentaires des italo-montr\u00e9alais r\u00e9sidents dans la Petite-Italie. \u00ab Vicolo degli enologi \u00bb est le point de d\u00e9part d&rsquo;une s\u00e9rie de web reportage &#8211;\u00a0Le jardin voyageur\u00a0&#8211; permettant de c\u00e9l\u00e9brer la richesse et la diversit\u00e9&hellip;&nbsp;<a href=\"https:\/\/patrimoineagricolemtl.ca\/laruelledesvignerons\/language\/fr\/introduction\/\" class=\"\" rel=\"bookmark\">Read More &raquo;<span class=\"screen-reader-text\">Le projet<\/span><\/a><\/p>\n","protected":false},"author":1,"featured_media":0,"parent":0,"menu_order":0,"comment_status":"closed","ping_status":"closed","template":"","meta":{"neve_meta_sidebar":"","neve_meta_container":"","neve_meta_enable_content_width":"","neve_meta_content_width":0,"neve_meta_title_alignment":"","neve_meta_author_avatar":"","neve_post_elements_order":"","neve_meta_disable_header":"","neve_meta_disable_footer":"","neve_meta_disable_title":""},"_links":{"self":[{"href":"https:\/\/patrimoineagricolemtl.ca\/laruelledesvignerons\/wp-json\/wp\/v2\/pages\/549"}],"collection":[{"href":"https:\/\/patrimoineagricolemtl.ca\/laruelledesvignerons\/wp-json\/wp\/v2\/pages"}],"about":[{"href":"https:\/\/patrimoineagricolemtl.ca\/laruelledesvignerons\/wp-json\/wp\/v2\/types\/page"}],"author":[{"embeddable":true,"href":"https:\/\/patrimoineagricolemtl.ca\/laruelledesvignerons\/wp-json\/wp\/v2\/users\/1"}],"replies":[{"embeddable":true,"href":"https:\/\/patrimoineagricolemtl.ca\/laruelledesvignerons\/wp-json\/wp\/v2\/comments?post=549"}],"version-history":[{"count":82,"href":"https:\/\/patrimoineagricolemtl.ca\/laruelledesvignerons\/wp-json\/wp\/v2\/pages\/549\/revisions"}],"predecessor-version":[{"id":1102,"href":"https:\/\/patrimoineagricolemtl.ca\/laruelledesvignerons\/wp-json\/wp\/v2\/pages\/549\/revisions\/1102"}],"wp:attachment":[{"href":"https:\/\/patrimoineagricolemtl.ca\/laruelledesvignerons\/wp-json\/wp\/v2\/media?parent=549"}],"curies":[{"name":"wp","href":"https:\/\/api.w.org\/{rel}","templated":true}]}}